ert 1223332332 (base 4) to base 8.
1537676
28ee6 (base 16) to base 5
20331104
What is 230302301 (base 4) in base 12?
8a215
What is -aaa77 (base 16) in base 11?
-438194
What is 4442240 (base 5) in base 8?
227774
What is 334241 (base 7) in base 3?
10000002202
What is 18d94e (base 15) in base 3?
2021111021202
-1195ab8 (base 12) to base 10
-3431660
What is -1111110010100011011 (base 2) in base 5?
-113024103
Convert -1859df (base 16) to base 14.
-2d782b
What is 1111000010100 (base 2) in base 15?
2435
What is 1211002211212 (base 3) in base 16?
ebf8e
What is -22010101220 (base 3) in base 13?
-57a56
What is 10010000100001111101111 (base 2) in base 13?
c9a875
Convert 9253043 (base 10) to base 14.
132c159
Convert 2332302212 (base 4) to base 7.
6433235
-1317c (base 13) to base 9
-53530
What is -74192 (base 10) in base 7?
-426206
Convert -12dc64 (base 14) to base 2.
-10011111010111100000
Convert 21334443 (base 5) to base 15.
3969d
Convert -68a0b (base 13) to base 8.
-564263
Convert 1311020121 (base 4) to base 5.
110323034
Convert -1763121 (base 9) to base 16.
-f0d45
What is 1001065 (base 7) in base 3?
12222220211
-1001bb (base 16) to base 2
-100000000000110111011
-1162766 (base 11) to base 7
-23126663
Convert 14a93 (base 11) to base 15.
6487
-b49cb8 (base 13) to base 15
-585764
Convert 87587a (base 15) to base 6.
350112341
Convert -150000 (base 13) to base 15.
-a24d3
What is 1505005 (base 7) in base 5?
23002104
-10a381 (base 11) to base 12
-851b9
-2ac64 (base 16) to base 5
-21101304
What is 100053120 (base 6) in base 9?
3150753
Convert 2545015 (base 6) to base 7.
1114460
Convert -41112034 (base 5) to base 10.
-332144
20221011110 (base 3) to base 5
13331233
-1b417b (base 15) to base 9
-2446478
-54b0a6 (base 13) to base 12
-802630
44031221 (base 5) to base 8
1340345
What is 152a05 (base 12) in base 13?
c68b4
-1111130343 (base 5) to base 11
-1419184
Convert 111737 (base 10) to base 2.
11011010001111001
-57dd26 (base 15) to base 16
-400ec6
24554504 (base 6) to base 12
322a34
What is 3144441 (base 5) in base 9?
80773
What is -364297 (base 10) in base 15?
-72e17
What is 2854865 (base 9) in base 2?
101111111101101110110
Convert 9807 (base 15) to base 8.
76666
72ad83 (base 14) to base 13
a57364
-31220320 (base 4) to base 13
-1c573
Convert -980a97 (base 13) to base 9.
-6643701
1944983 (base 10) to base 11
1109327
8bc2 (base 15) to base 11
20311
3006401 (base 7) to base 8
1265602
-771b (base 12) to base 3
-200000012
Convert 649297 (base 10) to base 15.
cc5b7
Convert 14a6477 (base 11) to base 9.
4747335
2110330012 (base 4) to base 13
1848a3
3917122 (base 12) to base 7
164312546
What is 12330202 (base 4) in base 8?
67442
Convert 10010111110111010100 (base 2) to base 10.
622036
Convert -12630 (base 11) to base 6.
-215342
Convert -1033110413 (base 5) to base 12.
-8bb335
Convert 200120110220 (base 3) to base 4.
1121100021
-1001001100001111 (base 2) to base 9
-56570
Convert 211103 (base 9) to base 3.
20101010010
Convert 44785 (base 14) to base 16.
288f1
1305d3 (base 14) to base 13
19ba2c
437a46 (base 11) to base 16
aa950
-893a29 (base 11) to base 16
-15c003
What is 6b26c2 (base 14) in base 4?
31330222202
Convert -4c915 (base 13) to base 9.
-235881
-2502985 (base 13) to base 3
-210200002010111
Convert 43093 (base 10) to base 11.
2a416
220b584 (base 12) to base 8
30602564
Convert -6012535 (base 7) to base 16.
-ad284
-90911 (base 16) to base 5
-122422040
What is 32305 (base 7) in base 3?
102000211
What is 2120211002122 (base 3) in base 12?
563338
What is 2508727 (base 14) in base 15?
18609a1
What is 3342241 (base 5) in base 16?
e6bf
Convert -9ddb5 (base 16) to base 11.
-401871
21711574 (base 8) to base 12
16a2710
103232 (base 10) to base 15
208c2
Convert 14b739 (base 12) to base 2.
1010101111001011101
686a (base 12) to base 13
5386
What is -150630 (base 11) in base 15?
-4997a
200133240 (base 5) to base 2
11000000000100000111
Convert -101010021100 (base 3) to base 5.
-22333330
What is -130202 (base 8) in base 7?
-245511
-215641 (base 7) to base 2
-1001010010100101
261345 (base 10) to base 4
333303201
What is 11002120302 (base 5) in base 13?
25872c8
What is -36d5e0 (base 15) in base 3?
-11221110200110
Convert -10333bc (base 16) to base 7.
-264246660
74bbd (base 16) to base 13
139831
Convert 783858 (base 11) to base 3.
2100111000010
13dd1 (base 15) to base 14
193c3
Convert -1001111010101100111010 (base 2) to base 10.
-2599738
Convert 624631 (base 8) to base 10.
207257
-4b290d (base 14) to base 4
-21312022101
What is 110110100000111011 (base 2) in base 10?
223291
Convert 10450424 (base 6) to base 4.
1031203300
What is -210121020222 (base 3) in base 13?
-11b6c4
Convert -14404102 (base 5) to base 4.
-211200310
What is -b84aa (base 14) in base 2?
-1101100110000010110
What is -632327 (base 8) in base 6?
-4300503
-62380 (base 13) to base 16
-2b0f3
What is -32ab78 (base 12) in base 15?
-10e14e
Convert 3b204 (base 13) to base 4.
122321300
426a86 (base 13) to base 3
2221010011220
Convert 2b16c0 (base 16) to base 12.
b42228
What is -1d0fba (base 16) in base 2?
-111010000111110111010
Convert -2211222001 (base 3) to base 4.
-31230223
Convert 558a1 (base 11) to base 16.
13c2b
Convert 106215430 (base 8) to base 2.
1000110010001101100011000
-5362333 (base 7) to base 8
-2375151
What is 10110410 (base 5) in base 11?
56658
Convert -38271 (base 10) to base 6.
-453103
Convert -2704050 (base 10) to base 15.
-386300
Convert 24204155 (base 7) to base 2.
1000001101100100110101
What is -5744649 (base 11) in base 2?
-100110010101100100100101
211200032 (base 4) to base 11
a545a
What is -2b82de (base 15) in base 14?
-3ca708
Convert -16072273 (base 8) to base 9.
-6858268
What is 1325312 (base 8) in base 2?
1011010101011001010
-289ba9 (base 12) to base 7
-5533614
What is -26333651 (base 7) in base 12?
-98398b
86a549 (base 11) to base 2
101010011011010001110
Convert -3230043 (base 6) to base 15.
-32390
What is 300624 (base 12) in base 2?
10110110011101111100
-30130431 (base 7) to base 4
-21201012021
What is 2795b21 (base 12) in base 14?
109cc77
Convert 101110001111101 (base 2) to base 14.
88b3
What is -1123701 (base 8) in base 6?
-10312241
What is 111beee (base 15) in base 4?
232230203210
Convert 2003302123 (base 4) to base 3.
1000102110201
What is a3524 (base 11) in base 3?
21200011212
17295 (base 15) to base 13
280ac
-221110022220 (base 3) to base 15
-9d6e3
-312400404 (base 5) to base 13
-363bc3
1002101001010 (base 3) to base 12
23a693
bd13a (base 15) to base 13
180751
What is -1806336 (base 12) in base 4?
-103001221122
What is -1255130 (base 8) in base 11?
-21a627
1657674 (base 9) to base 4
3201220210
What is -1011100010010110110001 (base 2) in base 5?
-1233234210
Convert 295b4 (base 14) to base 16.
1910a
What is 57151 (base 8) in base 14?
8b45
250023145 (base 6) to base 7
55323005
What is 2219b1 (base 13) in base 16?
c42f2
70956 (base 14) to base 4
1002012200
Convert -100111101111110110 (base 2) to base 14.
-43490
-112020434 (base 5) to base 3
-221110202020
What is 101011110101111001100111 (base 2) in base 9?
23556343
Convert 105402 (base 11) to base 4.
221010000
Convert 2033100210 (base 4) to base 9.
1083826
What is 101155500 (base 6) in base 8?
6511734
-651015 (base 9) to base 13
-1076c0
What is -2b530c (base 13) in base 4?
-10010303211
1547e7 (base 15) to base 12
416954
Convert -24c5 (base 16) to base 3.
-110220122
What is -22132301 (base 4) in base 2?
-1010011110110001
110449 (base 11) to base 5
21114404
-110001101001111111 (base 2) to base 7
-1504656
17785 (base 13) to base 15
d607
What is -1310404 (base 6) in base 9?
-117874
Convert -111111001000001000 (base 2) to base 12.
-105774
2158342 (base 10) to base 2
1000001110111100000110
What is -1011100110101110100 (base 2) in base 6?
-12052312
Convert -11010101010110100 (base 2) to base 5.
-11443421
What is -10400562 (base 7) in base 4?
-3121202310
-112021121102 (base 4) to base 15
-79a2d5
What is -1366b (base 12) in base 10?
-26867
1761263 (base 9) to base 3
1212001022010
137153 (base 8) to base 6
1013403
-30023203013 (base 4) to base 13
-87a48a
Convert 104231122 (base 5) to base 16.
70a64
477099 (base 11) to base 2
10111000100110010100
f7081 (base 16) to base 12
409681
Convert -102320213310 (base 4) to base 10.
-4950516
What is -1001110000000101